{"id":797,"date":"2025-05-13T17:58:12","date_gmt":"2025-05-13T17:58:12","guid":{"rendered":"https:\/\/transferpalma.com\/?page_id=797"},"modified":"2025-12-13T19:23:48","modified_gmt":"2025-12-13T19:23:48","slug":"san-telmo","status":"publish","type":"page","link":"https:\/\/transferpalma.com\/eng\/san-telmo\/","title":{"rendered":"San Telmo"},"content":{"rendered":"<div data-elementor-type=\"wp-page\" data-elementor-id=\"797\" class=\"elementor elementor-797\" data-elementor-post-type=\"page\">\n\t\t\t\t<div class=\"elementor-element elementor-element-26932823 e-con-full e-flex e-con e-parent\" data-id=\"26932823\" data-element_type=\"container\">\n\t\t<div class=\"elementor-element elementor-element-39336698 e-con-full e-flex e-con e-child\" data-id=\"39336698\" data-element_type=\"container\">\n\t\t\t\t<div class=\"elementor-element elementor-element-1c21a531 elementor-widget__width-inherit elementor-widget elementor-widget-image\" data-id=\"1c21a531\" data-element_type=\"widget\" data-widget_type=\"image.default\">\n\t\t\t\t<div class=\"elementor-widget-container\">\n\t\t\t\t\t\t\t\t\t\t\t\t\t\t\t<img fetchpriority=\"high\" decoding=\"async\" width=\"1920\" height=\"600\" src=\"https:\/\/transferpalma.com\/wp-content\/uploads\/2025\/05\/banner-san-telmo.jpg\" class=\"attachment-full size-full wp-image-810\" alt=\"\" srcset=\"https:\/\/transferpalma.com\/wp-content\/uploads\/2025\/05\/banner-san-telmo.jpg 1920w, https:\/\/transferpalma.com\/wp-content\/uploads\/2025\/05\/banner-san-telmo-300x94.jpg 300w, https:\/\/transferpalma.com\/wp-content\/uploads\/2025\/05\/banner-san-telmo-1024x320.jpg 1024w, https:\/\/transferpalma.com\/wp-content\/uploads\/2025\/05\/banner-san-telmo-768x240.jpg 768w, https:\/\/transferpalma.com\/wp-content\/uploads\/2025\/05\/banner-san-telmo-1536x480.jpg 1536w, https:\/\/transferpalma.com\/wp-content\/uploads\/2025\/05\/banner-san-telmo-600x188.jpg 600w\" sizes=\"(max-width: 1920px) 100vw, 1920px\" \/>\t\t\t\t\t\t\t\t\t\t\t\t\t\t\t<\/div>\n\t\t\t\t<\/div>\n\t\t\t\t<\/div>\n\t\t<div class=\"elementor-element elementor-element-6c46aa5a e-flex e-con-boxed e-con e-child\" data-id=\"6c46aa5a\" data-element_type=\"container\">\n\t\t\t\t\t<div class=\"e-con-inner\">\n\t\t\t\t<div class=\"elementor-element elementor-element-3a587584 elementor-widget elementor-widget-text-editor\" data-id=\"3a587584\" data-element_type=\"widget\" data-widget_type=\"text-editor.default\">\n\t\t\t\t<div class=\"elementor-widget-container\">\n\t\t\t\t\t\t\t\t\t<h1 class=\"elementor-heading-title elementor-size-default\" style=\"font-size: 28px; font-weight: 600; color: #1072b5;\">San Telmo awaits you<\/h1>\t\t\t\t\t\t\t\t<\/div>\n\t\t\t\t<\/div>\n\t\t\t\t<div class=\"elementor-element elementor-element-62853d0c elementor-widget elementor-widget-text-editor\" data-id=\"62853d0c\" data-element_type=\"widget\" data-widget_type=\"text-editor.default\">\n\t\t\t\t<div class=\"elementor-widget-container\">\n\t\t\t\t\t\t\t\t\t<p class=\"translation-block\">San Telmo is a small fishing port located in the southwesternmost part of Mallorca, considered a key tourist area. It is also known as Sant Elm or Sant Elmo, named after the patron saint of sailors. It is an active fishing port that has also become a popular spot for nautical activities.<\/p>\t\t\t\t\t\t\t\t<\/div>\n\t\t\t\t<\/div>\n\t\t\t\t\t<\/div>\n\t\t\t\t<\/div>\n\t\t\t\t<\/div>\n\t\t<div class=\"elementor-element elementor-element-d4109f2 e-flex e-con-boxed e-con e-parent\" data-id=\"d4109f2\" data-element_type=\"container\">\n\t\t\t\t\t<div class=\"e-con-inner\">\n\t\t<div class=\"elementor-element elementor-element-26082743 e-con-full e-flex e-con e-child\" data-id=\"26082743\" data-element_type=\"container\">\n\t\t<div class=\"elementor-element elementor-element-42052029 e-con-full e-flex e-con e-child\" data-id=\"42052029\" data-element_type=\"container\">\n\t\t\t\t<div class=\"elementor-element elementor-element-62bc4333 elementor-widget elementor-widget-text-editor\" data-id=\"62bc4333\" data-element_type=\"widget\" data-widget_type=\"text-editor.default\">\n\t\t\t\t<div class=\"elementor-widget-container\">\n\t\t\t\t\t\t\t\t\t<h2 class=\"elementor-heading-title elementor-size-default\" style=\"font-size: 24px; font-weight: 600;\">Where to stay in San Telmo?<\/h2>\t\t\t\t\t\t\t\t<\/div>\n\t\t\t\t<\/div>\n\t\t\t\t<\/div>\n\t\t<div class=\"elementor-element elementor-element-17663ace e-con-full e-flex e-con e-child\" data-id=\"17663ace\" data-element_type=\"container\">\n\t\t\t\t<div class=\"elementor-element elementor-element-4a72cb76 elementor-widget elementor-widget-text-editor\" data-id=\"4a72cb76\" data-element_type=\"widget\" data-widget_type=\"text-editor.default\">\n\t\t\t\t<div class=\"elementor-widget-container\">\n\t\t\t\t\t\t\t\t\t<ul><li><span class=\"elementor-icon-list-text\">Hotel Castell Son Claret<\/span><\/li><li><span class=\"elementor-icon-list-text\">Hotel Villa Italia<\/span><\/li><li>Hotel Universal Don Camilo<\/li><li>Hotel L\u00b4Escaleta<\/li><li>Hotel Aquamarin<\/li><li>Hotel San Telmo<\/li><\/ul>\t\t\t\t\t\t\t\t<\/div>\n\t\t\t\t<\/div>\n\t\t\t\t<\/div>\n\t\t\t\t<\/div>\n\t\t<div class=\"elementor-element elementor-element-79d7a69 e-con-full e-flex e-con e-child\" data-id=\"79d7a69\" data-element_type=\"container\">\n\t\t<div class=\"elementor-element elementor-element-28cf825d e-con-full e-flex e-con e-child\" data-id=\"28cf825d\" data-element_type=\"container\">\n\t\t\t\t<div class=\"elementor-element elementor-element-52974459 elementor-widget elementor-widget-text-editor\" data-id=\"52974459\" data-element_type=\"widget\" data-widget_type=\"text-editor.default\">\n\t\t\t\t<div class=\"elementor-widget-container\">\n\t\t\t\t\t\t\t\t\t<h2 class=\"elementor-heading-title elementor-size-default\" style=\"font-size: 24px; font-weight: 600;\">Where to eat in San Telmo?<\/h2>\t\t\t\t\t\t\t\t<\/div>\n\t\t\t\t<\/div>\n\t\t\t\t<div class=\"elementor-element elementor-element-4ae19202 elementor-widget elementor-widget-image\" data-id=\"4ae19202\" data-element_type=\"widget\" data-widget_type=\"image.default\">\n\t\t\t\t<div class=\"elementor-widget-container\">\n\t\t\t\t\t\t\t\t\t\t\t\t\t\t\t<img decoding=\"async\" width=\"605\" height=\"220\" src=\"https:\/\/transferpalma.com\/wp-content\/uploads\/2025\/05\/dining-lp-1.jpg\" class=\"attachment-large size-large wp-image-444\" alt=\"\" srcset=\"https:\/\/transferpalma.com\/wp-content\/uploads\/2025\/05\/dining-lp-1.jpg 605w, https:\/\/transferpalma.com\/wp-content\/uploads\/2025\/05\/dining-lp-1-600x218.jpg 600w, https:\/\/transferpalma.com\/wp-content\/uploads\/2025\/05\/dining-lp-1-300x109.jpg 300w\" sizes=\"(max-width: 605px) 100vw, 605px\" \/>\t\t\t\t\t\t\t\t\t\t\t\t\t\t\t<\/div>\n\t\t\t\t<\/div>\n\t\t\t\t<\/div>\n\t\t<div class=\"elementor-element elementor-element-166594e3 e-con-full e-flex e-con e-child\" data-id=\"166594e3\" data-element_type=\"container\">\n\t\t\t\t<div class=\"elementor-element elementor-element-6c8c0d8e elementor-widget elementor-widget-text-editor\" data-id=\"6c8c0d8e\" data-element_type=\"widget\" data-widget_type=\"text-editor.default\">\n\t\t\t\t<div class=\"elementor-widget-container\">\n\t\t\t\t\t\t\t\t\t<ul><li><span class=\"elementor-icon-list-text\">Trespais<\/span><\/li><li>Club de Vela en Port d&#8217;Andratx<\/li><li>Es Raor<\/li><li>La Cocotte de San Telmo<\/li><li>Restaurante NA Caragola<\/li><li>Restaurante Tigys\u00b4s<\/li><li>Es Mol\u00ed Sant Elm<\/li><li>San Telmo Chips<\/li><li>Cala Conills<\/li><\/ul>\t\t\t\t\t\t\t\t<\/div>\n\t\t\t\t<\/div>\n\t\t\t\t<\/div>\n\t\t\t\t<\/div>\n\t\t\t\t\t<\/div>\n\t\t\t\t<\/div>\n\t\t<div class=\"elementor-element elementor-element-4996aff4 e-flex e-con-boxed e-con e-parent\" data-id=\"4996aff4\" data-element_type=\"container\">\n\t\t\t\t\t<div class=\"e-con-inner\">\n\t\t\t\t<div class=\"elementor-element elementor-element-587309ce elementor-widget elementor-widget-text-editor\" data-id=\"587309ce\" data-element_type=\"widget\" data-widget_type=\"text-editor.default\">\n\t\t\t\t<div class=\"elementor-widget-container\">\n\t\t\t\t\t\t\t\t\t<h1 class=\"elementor-heading-title elementor-size-default\" style=\"font-size: 28px; font-weight: 600; color: #1072b5;\">Book your hotel in San Telmo now<\/h1>\t\t\t\t\t\t\t\t<\/div>\n\t\t\t\t<\/div>\n\t\t\t\t<div class=\"elementor-element elementor-element-243492f elementor-widget elementor-widget-text-editor\" data-id=\"243492f\" data-element_type=\"widget\" data-widget_type=\"text-editor.default\">\n\t\t\t\t<div class=\"elementor-widget-container\">\n\t\t\t\t\t\t\t\t\t<div class=\"elementor-element elementor-element-a472309 elementor-widget elementor-widget-text-editor\" data-id=\"a472309\" data-element_type=\"widget\" data-widget_type=\"text-editor.default\"><div class=\"elementor-widget-container\"><div class=\"elementor-text-editor elementor-clearfix\"><div class=\"elementor-element elementor-element-b2a5a10 elementor-widget elementor-widget-text-editor\" data-id=\"b2a5a10\" data-element_type=\"widget\" data-widget_type=\"text-editor.default\"><div class=\"elementor-widget-container\"><div class=\"elementor-text-editor elementor-clearfix\"><p>We show you the hotels in Porto Cristo so you can book your stay in Palma de Mallorca at the best price.\u00a0<\/p><\/div><\/div><\/div><\/div><\/div><\/div>\t\t\t\t\t\t\t\t<\/div>\n\t\t\t\t<\/div>\n\t\t\t\t\t<\/div>\n\t\t\t\t<\/div>\n\t\t<div class=\"elementor-element elementor-element-305e8be0 e-flex e-con-boxed e-con e-parent\" data-id=\"305e8be0\" data-element_type=\"container\" data-settings=\"{&quot;background_background&quot;:&quot;classic&quot;}\">\n\t\t\t\t\t<div class=\"e-con-inner\">\n\t\t<div class=\"elementor-element elementor-element-6359b897 e-con-full e-flex e-con e-child\" data-id=\"6359b897\" data-element_type=\"container\">\n\t\t\t\t<div class=\"elementor-element elementor-element-33b0d85c elementor-widget elementor-widget-text-editor\" data-id=\"33b0d85c\" data-element_type=\"widget\" data-widget_type=\"text-editor.default\">\n\t\t\t\t<div class=\"elementor-widget-container\">\n\t\t\t\t\t\t\t\t\t<div class=\"elementor-element elementor-element-64aeb9b6 elementor-view-default elementor-position-top elementor-vertical-align-top elementor-widget elementor-widget-icon-box\" data-id=\"64aeb9b6\" data-element_type=\"widget\" data-widget_type=\"icon-box.default\"><div class=\"elementor-widget-container\"><div class=\"elementor-icon-box-wrapper\"><div class=\"elementor-icon-box-content\"><h3 class=\"elementor-icon-box-title\" style=\"color: #ffffff;\"><strong>What to see in San Telmo<\/strong><\/h3><\/div><\/div><\/div><\/div><p><b>La Serra de Tramuntana<\/b><br \/>One of the most iconic places in Mallorca, recognized as a UNESCO World Heritage site. Its extraordinary light gives the crystal-clear waters a tropical feel.<\/p><p><b>Dragonera Natural Park<br \/><\/b>Dating back to the 13th century, it is a museum hosting exhibitions and musical concerts.<\/p><p><b>Playa Gran and Playa Petita<br \/><\/b>Both beaches are perfect for spending the whole day, with all necessary amenities.<\/p><p><b>Cala Basset Tower<\/b><\/p><p><b>Cap de Llebeix Lighthouse<\/b><\/p><p><b>Sant Elm Beach<br \/><\/b><\/p><p><b>Keida Enjiy Mallorca<\/b><\/p>\t\t\t\t\t\t\t\t<\/div>\n\t\t\t\t<\/div>\n\t\t\t\t<\/div>\n\t\t\t\t\t<\/div>\n\t\t\t\t<\/div>\n\t\t\t\t<\/div>","protected":false},"excerpt":{"rendered":"<p>San Telmo te espera San\u00a0Telmo\u00a0es un peque\u00f1o puerto pesquero situado en la parte m\u00e1s alejada del suroeste de\u00a0Mallorca, complejo tur\u00edstico clave. Conocida tambi\u00e9n como\u00a0Sant Elm y Sant Elmo\u00a0le debe su nombre al santo patr\u00f3n de los marineros. es un puerto pesquero activo que adem\u00e1s se ha convertido en un lugar muy popular para realizar pr\u00e1cticas [&hellip;]<\/p>","protected":false},"author":1,"featured_media":0,"parent":0,"menu_order":0,"comment_status":"closed","ping_status":"closed","template":"elementor_header_footer","meta":{"_eb_attr":"","footnotes":""},"class_list":["post-797","page","type-page","status-publish","hentry"],"_links":{"self":[{"href":"https:\/\/transferpalma.com\/eng\/wp-json\/wp\/v2\/pages\/797","targetHints":{"allow":["GET"]}}],"collection":[{"href":"https:\/\/transferpalma.com\/eng\/wp-json\/wp\/v2\/pages"}],"about":[{"href":"https:\/\/transferpalma.com\/eng\/wp-json\/wp\/v2\/types\/page"}],"author":[{"embeddable":true,"href":"https:\/\/transferpalma.com\/eng\/wp-json\/wp\/v2\/users\/1"}],"replies":[{"embeddable":true,"href":"https:\/\/transferpalma.com\/eng\/wp-json\/wp\/v2\/comments?post=797"}],"version-history":[{"count":4,"href":"https:\/\/transferpalma.com\/eng\/wp-json\/wp\/v2\/pages\/797\/revisions"}],"predecessor-version":[{"id":1228,"href":"https:\/\/transferpalma.com\/eng\/wp-json\/wp\/v2\/pages\/797\/revisions\/1228"}],"wp:attachment":[{"href":"https:\/\/transferpalma.com\/eng\/wp-json\/wp\/v2\/media?parent=797"}],"curies":[{"name":"wp","href":"https:\/\/api.w.org\/{rel}","templated":true}]}}