{"id":487,"date":"2025-05-06T02:22:04","date_gmt":"2025-05-06T02:22:04","guid":{"rendered":"https:\/\/transferpalma.com\/?page_id=487"},"modified":"2025-12-13T19:44:06","modified_gmt":"2025-12-13T19:44:06","slug":"cala-millor","status":"publish","type":"page","link":"https:\/\/transferpalma.com\/deu\/cala-millor\/","title":{"rendered":"Cala Millor"},"content":{"rendered":"<div data-elementor-type=\"wp-page\" data-elementor-id=\"487\" class=\"elementor elementor-487\" data-elementor-post-type=\"page\">\n\t\t\t\t<div class=\"elementor-element elementor-element-7c2046bc e-con-full e-flex e-con e-parent\" data-id=\"7c2046bc\" data-element_type=\"container\">\n\t\t<div class=\"elementor-element elementor-element-7693e6b5 e-con-full e-flex e-con e-child\" data-id=\"7693e6b5\" data-element_type=\"container\">\n\t\t\t\t<div class=\"elementor-element elementor-element-7b05549a elementor-widget__width-inherit elementor-widget elementor-widget-image\" data-id=\"7b05549a\" data-element_type=\"widget\" data-widget_type=\"image.default\">\n\t\t\t\t<div class=\"elementor-widget-container\">\n\t\t\t\t\t\t\t\t\t\t\t\t\t\t\t<img fetchpriority=\"high\" decoding=\"async\" width=\"1920\" height=\"600\" src=\"https:\/\/transferpalma.com\/wp-content\/uploads\/2025\/05\/foto-fondo-cala-millor.jpg\" class=\"attachment-full size-full wp-image-498\" alt=\"\" srcset=\"https:\/\/transferpalma.com\/wp-content\/uploads\/2025\/05\/foto-fondo-cala-millor.jpg 1920w, https:\/\/transferpalma.com\/wp-content\/uploads\/2025\/05\/foto-fondo-cala-millor-600x188.jpg 600w, https:\/\/transferpalma.com\/wp-content\/uploads\/2025\/05\/foto-fondo-cala-millor-300x94.jpg 300w, https:\/\/transferpalma.com\/wp-content\/uploads\/2025\/05\/foto-fondo-cala-millor-1024x320.jpg 1024w, https:\/\/transferpalma.com\/wp-content\/uploads\/2025\/05\/foto-fondo-cala-millor-768x240.jpg 768w, https:\/\/transferpalma.com\/wp-content\/uploads\/2025\/05\/foto-fondo-cala-millor-1536x480.jpg 1536w\" sizes=\"(max-width: 1920px) 100vw, 1920px\" \/>\t\t\t\t\t\t\t\t\t\t\t\t\t\t\t<\/div>\n\t\t\t\t<\/div>\n\t\t\t\t<\/div>\n\t\t<div class=\"elementor-element elementor-element-631434cb e-flex e-con-boxed e-con e-child\" data-id=\"631434cb\" data-element_type=\"container\">\n\t\t\t\t\t<div class=\"e-con-inner\">\n\t\t\t\t<div class=\"elementor-element elementor-element-35aa6042 elementor-widget elementor-widget-text-editor\" data-id=\"35aa6042\" data-element_type=\"widget\" data-widget_type=\"text-editor.default\">\n\t\t\t\t<div class=\"elementor-widget-container\">\n\t\t\t\t\t\t\t\t\t<h1 class=\"elementor-heading-title elementor-size-default\" style=\"font-size: 28px; font-weight: 600; color: #1072b5;\">Cala Millor erwartet Sie<\/h1>\t\t\t\t\t\t\t\t<\/div>\n\t\t\t\t<\/div>\n\t\t\t\t<div class=\"elementor-element elementor-element-54bbdbc7 elementor-widget elementor-widget-text-editor\" data-id=\"54bbdbc7\" data-element_type=\"widget\" data-widget_type=\"text-editor.default\">\n\t\t\t\t<div class=\"elementor-widget-container\">\n\t\t\t\t\t\t\t\t\t<p class=\"translation-block\">Cala Millor liegt an der Ostk\u00fcste von Mallorca. Der Ort erstreckt sich entlang der K\u00fcste und nimmt einen gro\u00dfen Teil der Bucht ein, in der er liegt. Cala Millor ist ein ideales Reiseziel f\u00fcr einen entspannten Familienurlaub. Der lange Sandstrand z\u00e4hlt zu den Hauptattraktionen, doch auch die Umgebung hat viel zu bieten.<\/p><p class=\"translation-block\">Der Strand von Cala Millor ist etwa 1.750 Meter lang und rund 35 Meter breit und geh\u00f6rt im Sommer zu den meistbesuchten Str\u00e4nden, dank seines sauberen und kristallklaren Wassers.<\/p><p class=\"translation-block\">Der Name Cala Millor bedeutet \u201eBessere Bucht\u201c und der Ort liegt in der N\u00e4he einiger der l\u00e4ndlichsten und urspr\u00fcnglichsten Gegenden Mallorcas.<\/p>\t\t\t\t\t\t\t\t<\/div>\n\t\t\t\t<\/div>\n\t\t\t\t\t<\/div>\n\t\t\t\t<\/div>\n\t\t\t\t<\/div>\n\t\t<div class=\"elementor-element elementor-element-8bc9d80 e-flex e-con-boxed e-con e-parent\" data-id=\"8bc9d80\" data-element_type=\"container\">\n\t\t\t\t\t<div class=\"e-con-inner\">\n\t\t<div class=\"elementor-element elementor-element-2085141f e-con-full e-flex e-con e-child\" data-id=\"2085141f\" data-element_type=\"container\">\n\t\t<div class=\"elementor-element elementor-element-1df1e438 e-con-full e-flex e-con e-child\" data-id=\"1df1e438\" data-element_type=\"container\">\n\t\t\t\t<div class=\"elementor-element elementor-element-4555d18a elementor-widget elementor-widget-text-editor\" data-id=\"4555d18a\" data-element_type=\"widget\" data-widget_type=\"text-editor.default\">\n\t\t\t\t<div class=\"elementor-widget-container\">\n\t\t\t\t\t\t\t\t\t<h2 class=\"elementor-heading-title elementor-size-default\" style=\"font-size: 24px; font-weight: 600;\">Wo sollte man in Cala Millor \u00fcbernachten?<\/h2>\t\t\t\t\t\t\t\t<\/div>\n\t\t\t\t<\/div>\n\t\t\t\t<\/div>\n\t\t<div class=\"elementor-element elementor-element-52a4ee00 e-con-full e-flex e-con e-child\" data-id=\"52a4ee00\" data-element_type=\"container\">\n\t\t\t\t<div class=\"elementor-element elementor-element-62218b26 elementor-widget elementor-widget-text-editor\" data-id=\"62218b26\" data-element_type=\"widget\" data-widget_type=\"text-editor.default\">\n\t\t\t\t<div class=\"elementor-widget-container\">\n\t\t\t\t\t\t\t\t\t<ul><li><span class=\"elementor-icon-list-text\">Son Corb Boutique Hotel<\/span><\/li><li>Son Gener<\/li><\/ul>\t\t\t\t\t\t\t\t<\/div>\n\t\t\t\t<\/div>\n\t\t\t\t<\/div>\n\t\t\t\t<\/div>\n\t\t<div class=\"elementor-element elementor-element-621a87 e-con-full e-flex e-con e-child\" data-id=\"621a87\" data-element_type=\"container\">\n\t\t<div class=\"elementor-element elementor-element-4758613a e-con-full e-flex e-con e-child\" data-id=\"4758613a\" data-element_type=\"container\">\n\t\t\t\t<div class=\"elementor-element elementor-element-44aee1a3 elementor-widget elementor-widget-text-editor\" data-id=\"44aee1a3\" data-element_type=\"widget\" data-widget_type=\"text-editor.default\">\n\t\t\t\t<div class=\"elementor-widget-container\">\n\t\t\t\t\t\t\t\t\t<h2 class=\"elementor-heading-title elementor-size-default\" style=\"font-size: 24px; font-weight: 600;\">Wo kann man in Cala Millor essen?<\/h2>\t\t\t\t\t\t\t\t<\/div>\n\t\t\t\t<\/div>\n\t\t\t\t<div class=\"elementor-element elementor-element-54885e3c elementor-widget elementor-widget-image\" data-id=\"54885e3c\" data-element_type=\"widget\" data-widget_type=\"image.default\">\n\t\t\t\t<div class=\"elementor-widget-container\">\n\t\t\t\t\t\t\t\t\t\t\t\t\t\t\t<img decoding=\"async\" width=\"605\" height=\"220\" src=\"https:\/\/transferpalma.com\/wp-content\/uploads\/2025\/05\/dining-lp-1.jpg\" class=\"attachment-large size-large wp-image-444\" alt=\"\" srcset=\"https:\/\/transferpalma.com\/wp-content\/uploads\/2025\/05\/dining-lp-1.jpg 605w, https:\/\/transferpalma.com\/wp-content\/uploads\/2025\/05\/dining-lp-1-600x218.jpg 600w, https:\/\/transferpalma.com\/wp-content\/uploads\/2025\/05\/dining-lp-1-300x109.jpg 300w\" sizes=\"(max-width: 605px) 100vw, 605px\" \/>\t\t\t\t\t\t\t\t\t\t\t\t\t\t\t<\/div>\n\t\t\t\t<\/div>\n\t\t\t\t<\/div>\n\t\t<div class=\"elementor-element elementor-element-59390feb e-con-full e-flex e-con e-child\" data-id=\"59390feb\" data-element_type=\"container\">\n\t\t\t\t<div class=\"elementor-element elementor-element-2c443ab7 elementor-widget elementor-widget-text-editor\" data-id=\"2c443ab7\" data-element_type=\"widget\" data-widget_type=\"text-editor.default\">\n\t\t\t\t<div class=\"elementor-widget-container\">\n\t\t\t\t\t\t\t\t\t<ul><li><span class=\"elementor-icon-list-text\">Tia Jass<\/span><\/li><li>Le Chiacchiere<\/li><li>Son Floriana<\/li><li>Osteria Pane &amp; Olio<\/li><li>Amapola<\/li><li>Toni&#8217;s<\/li><li>Sa Punta<\/li><\/ul>\t\t\t\t\t\t\t\t<\/div>\n\t\t\t\t<\/div>\n\t\t\t\t<\/div>\n\t\t\t\t<\/div>\n\t\t\t\t\t<\/div>\n\t\t\t\t<\/div>\n\t\t<div class=\"elementor-element elementor-element-64fba0b5 e-flex e-con-boxed e-con e-parent\" data-id=\"64fba0b5\" data-element_type=\"container\">\n\t\t\t\t\t<div class=\"e-con-inner\">\n\t\t\t\t<div class=\"elementor-element elementor-element-6a2da648 elementor-widget elementor-widget-text-editor\" data-id=\"6a2da648\" data-element_type=\"widget\" data-widget_type=\"text-editor.default\">\n\t\t\t\t<div class=\"elementor-widget-container\">\n\t\t\t\t\t\t\t\t\t<h1 class=\"elementor-heading-title elementor-size-default\" style=\"font-size: 28px; font-weight: 600; color: #1072b5;\">Buchen Sie jetzt Ihr Hotel in Cala Millor<\/h1>\t\t\t\t\t\t\t\t<\/div>\n\t\t\t\t<\/div>\n\t\t\t\t<div class=\"elementor-element elementor-element-2c58ef37 elementor-widget elementor-widget-text-editor\" data-id=\"2c58ef37\" data-element_type=\"widget\" data-widget_type=\"text-editor.default\">\n\t\t\t\t<div class=\"elementor-widget-container\">\n\t\t\t\t\t\t\t\t\tWir zeigen Ihnen die Hotels in Cala Millor, damit Sie Ihren Aufenthalt in Palma de Mallorca zum besten Preis buchen k\u00f6nnen. \t\t\t\t\t\t\t\t<\/div>\n\t\t\t\t<\/div>\n\t\t\t\t\t<\/div>\n\t\t\t\t<\/div>\n\t\t<div class=\"elementor-element elementor-element-27ec031 e-flex e-con-boxed e-con e-parent\" data-id=\"27ec031\" data-element_type=\"container\" data-settings=\"{&quot;background_background&quot;:&quot;classic&quot;}\">\n\t\t\t\t\t<div class=\"e-con-inner\">\n\t\t<div class=\"elementor-element elementor-element-2d31e76b e-con-full e-flex e-con e-child\" data-id=\"2d31e76b\" data-element_type=\"container\">\n\t\t\t\t<div class=\"elementor-element elementor-element-64c06b4e elementor-widget elementor-widget-text-editor\" data-id=\"64c06b4e\" data-element_type=\"widget\" data-widget_type=\"text-editor.default\">\n\t\t\t\t<div class=\"elementor-widget-container\">\n\t\t\t\t\t\t\t\t\t<div class=\"elementor-element elementor-element-64aeb9b6 elementor-view-default elementor-position-top elementor-vertical-align-top elementor-widget elementor-widget-icon-box\" data-id=\"64aeb9b6\" data-element_type=\"widget\" data-widget_type=\"icon-box.default\"><div class=\"elementor-widget-container\"><div class=\"elementor-icon-box-wrapper\"><div class=\"elementor-icon-box-content\"><h3 class=\"elementor-icon-box-title\" style=\"color: #ffffff;\">Was man in Cala Millor sehen kann<\/h3><\/div><\/div><\/div><\/div><p><strong>Fantasy Park Cala Millor<\/strong><\/p><p><strong>P<\/strong><b>arque Cala Millor<\/b><\/p><p><b>Manacor:<br \/><\/b>Manacor, die zweitgr\u00f6\u00dfte Stadt auf Mallorca, bietet eine gro\u00dfe Auswahl an Lokalen und Restaurants.<\/p><p><b>Punta d\u2019Amer:<br \/><\/b>S\u00fcdlich des Strandes gelegen, wurde es zum Naturschutzgebiet erkl\u00e4rt \u2013 ein Ort, den man unbedingt genie\u00dfen sollte.<\/p><p><b>H\u00f6hlen:<br \/><\/b>Einige sind f\u00fcr die \u00d6ffentlichkeit zug\u00e4nglich, andere nicht. Die H\u00f6hlen weisen jahrtausendealte Stalaktiten, beeindruckende Felsformationen und unterirdische Seen auf.<\/p>\t\t\t\t\t\t\t\t<\/div>\n\t\t\t\t<\/div>\n\t\t\t\t<\/div>\n\t\t\t\t\t<\/div>\n\t\t\t\t<\/div>\n\t\t\t\t<\/div>","protected":false},"excerpt":{"rendered":"<p>Cala Millor te espera Situada en la costa del Levante de\u00a0Mallorca. Desarrollado a lo largo de la costa, ocupa buena parte de la bah\u00eda en la que se encuentra. Encontrar\u00e1s todo lo que necesitas para unas relajadas vacaciones en familia. La larga playa de arena es una de las atracciones principales, pero hay mucho m\u00e1s [&hellip;]<\/p>","protected":false},"author":1,"featured_media":0,"parent":0,"menu_order":0,"comment_status":"closed","ping_status":"closed","template":"elementor_header_footer","meta":{"_eb_attr":"","footnotes":""},"class_list":["post-487","page","type-page","status-publish","hentry"],"_links":{"self":[{"href":"https:\/\/transferpalma.com\/deu\/wp-json\/wp\/v2\/pages\/487","targetHints":{"allow":["GET"]}}],"collection":[{"href":"https:\/\/transferpalma.com\/deu\/wp-json\/wp\/v2\/pages"}],"about":[{"href":"https:\/\/transferpalma.com\/deu\/wp-json\/wp\/v2\/types\/page"}],"author":[{"embeddable":true,"href":"https:\/\/transferpalma.com\/deu\/wp-json\/wp\/v2\/users\/1"}],"replies":[{"embeddable":true,"href":"https:\/\/transferpalma.com\/deu\/wp-json\/wp\/v2\/comments?post=487"}],"version-history":[{"count":10,"href":"https:\/\/transferpalma.com\/deu\/wp-json\/wp\/v2\/pages\/487\/revisions"}],"predecessor-version":[{"id":1298,"href":"https:\/\/transferpalma.com\/deu\/wp-json\/wp\/v2\/pages\/487\/revisions\/1298"}],"wp:attachment":[{"href":"https:\/\/transferpalma.com\/deu\/wp-json\/wp\/v2\/media?parent=487"}],"curies":[{"name":"wp","href":"https:\/\/api.w.org\/{rel}","templated":true}]}}